h. What is the thousands digit of u?
5
Let y = 2215 - -3585. What is the units digit of y?
0
Let s(l) be the first derivative of l**3 + 5*l**2/2 + 9*l - 9. What is the units digit of s(-5)?
9
Let r = 1687 + -1027. What is the tens digit of r?
6
Let x = -20 - -27. Suppose 289 + 502 = x*h. What is the units digit of h?
3
Let z(v) = v - 17. Let a be z(17). Suppose 0 = -a*d - 3*d + 114. What is the units digit of d?
8
Let t(v) be the second derivative of -11*v**5/10 + v**3/6 - 3*v. What is the tens digit of t(-1)?
2
Let v(k) = 3*k**3 - 12*k**2 + 4*k - 21. Let f(z) = -2*z**3 + 5 + 6 + 6*z**2 + 3*z - 5*z. Let t(j) = 5*f(j) + 3*v(j). What is the tens digit of t(-7)?
2
Let w(t) = -5*t. Let r(p) = -9*p - 1. Let o(f) = 3*r(f) - 5*w(f). Let x be o(-6). Suppose 0 = 4*z - 83 - x. What is the units digit of z?
3
Suppose 59 = -2*i - 3*i + 3*r, 0 = i - r + 13. Let n be ((-12)/i)/((-3)/(-135)). Let s = n - 35. What is the tens digit of s?
1
Let i be (-4 - -3)/3*-33. Let p(l) = 2*l + 23. What is the units digit of p(i)?
5
What is the hundreds digit of 72/60*(783/6 + -3)?
1
Suppose -4*j = -2*z - 56, 2*z = 7*z. Let x = 14 - j. Suppose 2*r - 32 = -x*r. What is the units digit of r?
6
Suppose -1195 = -3*z - 11*k + 6*k, -k = -4*z + 1601. What is the hundreds digit of z?
4
Let t be (15*1)/(-2 - -1). Let m(z) = z**2 + 15*z + 3. Let l be m(t). What is the units digit of 1 + 16 + 1 + l?
1
Let m(w) = 8*w**3 - 4*w**2 + 5*w - 25. What is the units digit of m(4)?
3
Let y be -3 + 2 + (-1 - -6)*12. What is the tens digit of y - ((-12)/(-2) + -3)?
5
Let r be ((-24)/(-4))/(-2) - -3. Suppose 0 = -2*k + 5*c + 56, r*k - 3*k - 5*c + 59 = 0. Let l = k - 16. What is the units digit of l?
7
Let y(u) be the third derivative of -u**6/120 + u**5/12 - u**4/8 - 2*u**3 + 32*u**2. What is the units digit of y(-5)?
3
Let p(j) = 25*j**3 - j**2 - 5*j + 2. Let g be p(3). Suppose 287 = 10*i - g. What is the units digit of i?
4
Suppose 4*d = 5*o + 43, -7*d - 2*o = -4*d - 38. Suppose -d*i = -13*i + 186. What is the hundreds digit of i?
1
Let a = 153 - 105. Suppose -a = -5*q + 3*q + 4*c, 4 = 2*c. What is the units digit of q?
8
Let o = 731 - 407. What is the tens digit of o?
2
Let o be 4 + (-23)/4*-4. Suppose -3*g - o = -4*g + 4*y, 3*y + 69 = 2*g. What is the units digit of g?
9
Let u = -5 - -8. Suppose -u*d = -4*d + 1. What is the units digit of 4 + -1 + d*13?
6
Let d(c) = -c**3 + 4*c + 1. Let w be d(-3). Suppose -w*g = -19*g + 12. What is the units digit of 2/(g - 2) + 0?
1
Let y = 100 + -98. Suppose -y*l - 5*u + 187 = -l, 0 = -l - 3*u + 191. What is the units digit of l?
7
Let x = 224 + -189. What is the units digit of x?
5
Let r = -13 + 13. Let c be r - 3 - (-9 + 2). Suppose 0*w - c = 4*w, 3*g - 105 = -3*w. What is the tens digit of g?
3
What is the hundreds digit of 23*(3 - (-241 - (-11 - -3)))?
4
Let m(w) = 85*w**2 - w - 1. Let j = -108 + 109. What is the units digit of m(j)?
3
Let n = -36 + 59. Suppose -f - n = -3. What is the units digit of (-4)/10 + (-68)/f?
3
Let t = 367 + 518. What is the tens digit of t?
8
Suppose -3*u + 3*b + 480 = 0, -2*b + 55 = 3*u - 405. What is the tens digit of u?
5
Suppose 5*q - 836 = 3*l, -4*q = -5*q - 3*l + 178. Suppose -q = -4*n - f + 23, -5*n = -2*f - 253. Let x = n + -13. What is the tens digit of x?
3
Let f = 858 + -697. What is the hundreds digit of f?
1
Let g(t) = t**3 + 6*t**2 + 2*t. Let x be g(-5). Let w(p) = p**3 - 16*p**2 + 18*p - 16. What is the tens digit of w(x)?
2
Suppose 0 = -c + 45 - 47. What is the units digit of c/10 - 1834/(-70)?
6
Let v(h) = 6*h**3 - h**2 - 6*h + h + 84 - 80 - 2*h**3. What is the units digit of v(2)?
2
Let k(t) be the third derivative of 43*t**5/30 + 7*t**4/24 + t**3/3 + 7*t**2 + 2. What is the units digit of k(-1)?
1
Let k be ((-1)/(-2))/(1/8). Suppose k*h - 12 = -0*h. Suppose 2*c - 9 = -n, -8 = -h*c + 6*n - 2*n. What is the units digit of c?
4
Suppose 0*z - 10*z = -130. What is the tens digit of 62/4 + z/26?
1
Let j be -3 + 1 + 1 + -4. Let y(m) = -1 + 24*m**3 + 6 - 6*m + 4*m**2 - 23*m**3. What is the units digit of y(j)?
0
Let q be 0/1 + (-1254)/(-11). Let u = 177 - q. What is the units digit of u?
3
Let o(j) = -j**3 - j**2 + 10*j + 7. Let g be o(5). Let c = 133 + g. What is the tens digit of c?
4
What is the hundreds digit of 42075/(-110)*8/(-10)?
3
Let l(p) = p**2 + 5*p - 4. Let z be l(-3). Let a be (54/(-15))/(4/z). What is the tens digit of (-1)/(3/a) + 16?
1
Let x(t) = t**2 - 27*t - 10. Let m be x(13). Let w = 353 + m. What is the units digit of w?
1
Suppose 0*d = 2*d - b - 1263, 0 = -d + 4*b + 649. What is the units digit of d?
9
What is the tens digit of ((-705)/2)/(2 + 88/(-32))?
7
Suppose -174 - 18 = 6*q. Let h = 33 + q. What is the units digit of h?
1
Let n(m) = -313*m + 95. What is the tens digit of n(-11)?
3
Let y(v) = -47 + 104 - 36 - 6*v - 3*v. What is the tens digit of y(-11)?
2
What is the tens digit of 7 + 1142 - (-1 + 7)?
4
Let s(x) be the first derivative of 25*x**3/3 - x**2 + x - 3. Let j be s(1). What is the tens digit of (-4 - -1)*(-112)/j?
1
Let c(b) = b + 19. Let i be c(-15). Suppose 2*r - 6 = 3*r + 4*x, 0 = -i*r + 5*x + 18. What is the tens digit of (r/6)/((-8)/(-480))?
2
Suppose -70*v + 79*v - 1845 = 0. What is the units digit of v?
5
Suppose 14*o = 4*o. Suppose o + 23 = v. What is the units digit of v?
3
Suppose 0 = u, 630 = 3*v + 2*u - 405. What is the units digit of v?
5
Let y(t) = -t + 3. Let j be y(1). Let i be 7 - 9 - (-2)/j. What is the units digit of 8*(28/16 + i)?
6
Suppose -2*o + 4898 = 5*v, 3*v - 6*o = -3*o + 2922. What is the units digit of v?
8
Let r be 42/8 - (-4)/(-16). Suppose -r*l - 2*s = -55 - 275, 2*l - s = 123. What is the units digit of l?
4
Suppose n + 2*n = -3. Let a be -3 - (0/(-1) + (2 - 2)). What is the units digit of n + 4 - (a - -5)?
1
What is the units digit of (-1 - (-2 + -4))/((-2)/(-356))?
0
Let g = -28 - 18. What is the units digit of (g + -12)/(0 - 2)?
9
Let v be (-42)/(-9) - 2/3. Let s be (-51)/(-9) - v/6. Suppose 4*d - 2*h - 38 = 0, -4*d + 2*d = -s*h - 39. What is the units digit of d?
7
Let g = 10 - 12. Let w be 20 + g + -2 + 1. Let o = -6 + w. What is the units digit of o?
1
Let d(n) = 2*n**3 - 13*n**2 - 2*n + 1. Suppose -g = -17 + 9. What is the units digit of d(g)?
7
Suppose 3*c + 3 = 3*g - 6, -5*c - 11 = -g. Let b(q) = 9*q**3 - 3*q**2 + 2. What is the units digit of b(g)?
8
Let z(s) = 2*s**2 - 3*s + 1. Let k be z(2). Suppose -773 = c - 5*c - 3*u, -k*c + 558 = -5*u. What is the hundreds digit of c?
1
Suppose -16*u + 13*u + 2*b = -9888, -2*u + 6602 = 2*b. What is the units digit of u?
8
Let o = -4 + 3. Let c be o/(3 + -2) + 12. Suppose 0 = -2*d - 5*q + c, -q = -2*q - 1. What is the units digit of d?
8
Let m(f) = f**3 + 14*f**2 + 4*f - 13. What is the tens digit of m(6)?
3
Let p = 11 + -18. Let o = p - -20. Suppose -14 = -i + o. What is the units digit of i?
7
What is the units digit of (-7 + 1)/(((-20)/275)/2)?
5
Suppose -96*s + 97*s = 197. What is the units digit of s?
7
Let v(j) = -5*j - 4. Let u be v(11). Let a = -7 - u. Suppose 0 = -0*l + 2*l - a. What is the units digit of l?
6
Let m(v) be the third derivative of -v**6/720 + 7*v**5/120 - 5*v**4/24 + 7*v**2. Let c(n) be the second derivative of m(n). What is the units digit of c(-14)?
1
What is the units digit of ((-1)/4)/(2/(-376))?
7
Let c(a) be the second derivative of -2*a**3/3 - 4*a**2 - 3*a. Let h be c(-7). Suppose h = 5*k - 25. What is the units digit of k?
9
Let m = -78 - -81. Suppose 4*n + 557 = m*l, -8 = -5*n - 3. What is the hundreds digit of l?
1
Let b(m) = -2 + 179*m + 219*m + 42*m. Let i be b(5). What is the units digit of (-2)/5 + i/70?
1
Let p be 0 + (2 - 0 - 0). Let r(x) = 104*x - 19. Let s(d) = 26*d - 5. Let q(o) = -2*r(o) + 9*s(o). What is the units digit of q(p)?
5
Suppose 5*y - 3*i + 0*i = 1636, 1294 = 4*y + 5*i. What is the hundreds digit of y?
3
Suppose -2*h + 6 = 4. Suppose 0 = -2*b + 1 + h. Let z(w) = 8*w + 1. What is the units digit of z(b)?
9
Let f(m) = 0 - 6*m + 0*m**2 - 5 - m**2. Let g be f(-3). Suppose 4*z + 15 + 93 = 4*o, -g*o + 99 = -z. What is the units digit of o?
4
Let s = -23 - -31. Let i = s - -61. What is the tens digit of i?
6
Let w = 377 + -241. Suppose -5*b + 3*v + 161 + w = 0, -3*b + 4*v = -187. What is the tens digit of b?
5
What is the tens digit of (1638/(-